 0 = a + 3*a - c. Suppose a*z - 15 - 6 = t, -3*z + 15 = -3*t. What is the remainder when 11 is divided by z?
3
Let b be -20*((-8)/(-5) - 2). Let x be (4 - (5 - 2))*-7. Let g = b - x. What is the remainder when g is divided by 8?
7
Let k(r) = -9*r**3 + 2*r**2 + r + 2. Let p be k(-2). Calculate the remainder when 39 is divided by (-6)/(-9) + p/6.
11
Suppose d + 2 + 7 = 0. Let q(g) = -11*g. Let n be q(d). Let s = n + -65. Calculate the remainder when s is divided by 12.
10
Let h = 93 + -85. Calculate the remainder when h is divided by 4.
0
Let p(s) = -s**3 - 7*s**2 - 4*s + 7. Let r be p(-5). Let m = r + 60. Calculate the remainder when m is divided by 13.
11
Let u be 0/1 - (-6)/2. Suppose -48 = 2*t - 3*t. Suppose 0*f - 2*f - t = -2*x, -5*x = u*f - 104. What is the remainder when 65 is divided by x?
21
Calculate the remainder when (3 - 14/4)*-18 is divided by 3.
0
Let x = 96 - 92. What is the remainder when 14 is divided by x?
2
Suppose -13 = -3*t + 2. Suppose 50 = -t*q + 180. What is the remainder when q is divided by 9?
8
Let c(g) = g**3 + 10*g**2 - 13*g - 5. What is the remainder when ((-21)/(-14))/((-3)/(-100)) is divided by c(-11)?
16
Let k(x) = 7*x**2 + x. Suppose -5*b = -3*o + 210, b + 280 = 4*o - 3*b. Suppose 3*z - o = -2*z. Calculate the remainder when k(-2) is divided by z.
12
Let k(c) = c - 7. Calculate the remainder when 33 is divided by k(16).
6
Calculate the remainder when 59 is divided by 8/16 - (-58)/4.
14
Suppose -2*q - 584 = -3*o, -2*q + 760 = 4*o - 0*o. Calculate the remainder when o is divided by 49.
45
Let n = -62 - -66. What is the remainder when 12 is divided by n?
0
Let b = -18 + 24. Calculate the remainder when b is divided by 3.
0
Let p be 2 + 0 - (-1 - -1). Let n = -8 - -13. Calculate the remainder when n is divided by ((-9)/(-6))/(1/p).
2
Let z(r) = -r**2 + 7*r + 5. Let m be z(7). Suppose -m*p - 55 = -10*p. What is the remainder when 63/2 + 1/2 is divided by p?
10
Suppose n = -n. Suppose r + 3 - 23 = n. What is the remainder when r is divided by 7?
6
Suppose -13*c = -15*c + 38. Calculate the remainder when 93 is divided by c.
17
Let u be (-3)/(18/(-15))*4. Let v = 10 - u. Let d(b) = -b**3 - b**2 + 4. What is the remainder when 10 is divided by d(v)?
2
Let j(o) = -8*o + 25. Calculate the remainder when j(-11) is divided by 38.
37
Let l be 47 - -1 - (-1 + 4). Let p = -7 + l. Let m = 26 + -13. Calculate the remainder when p is divided by m.
12
Let s(y) = -20*y - 22. Let v = 220 + -150. Calculate the remainder when v is divided by s(-2).
16
Let u = -79 - -88. Calculate the remainder when 12 is divided by u.
3
Suppose 0 = -y + 4*y - 15. Let x(q) = -2*q**3 - 3*q**2 - 2*q. Suppose -z + 4 = -3*z. Calculate the remainder when x(z) is divided by y.
3
Let x be (-11*14 - 2)*1. Calculate the remainder when 0 + (x/2)/(-3) is divided by 9.
8
Suppose 2*m + 0*w = 2*w - 12, 16 = 4*m + 4*w. What is the remainder when 14 is divided by (m - -8) + 2/2?
6
What is the remainder when ((-30)/7 - -4) + (-792)/(-28) is divided by (-19)/(-2) + (-3)/(-6)?
8
Suppose q - 6 = 17. What is the remainder when q is divided by (-123)/(-11) + (-2)/11 + 1?
11
Suppose 2*j = c + 3, 0*c + c = j - 3. Suppose -k = -3 - j. Suppose 0 = -k*u + u + 22. What is the remainder when 31 is divided by u?
9
What is the remainder when (-10)/(-6) + -2 - (-332)/6 is divided by 29?
26
Let s(y) be the second derivative of -y**4/12 - 5*y**3/3 + 6*y**2 + 5*y. Suppose 4*z = -z + 35. What is the remainder when s(-10) is divided by z?
5
Suppose 0 = -w - 3*w + 56. What is the remainder when 12/(-42) - (-214)/w is divided by 6?
3
Let o(w) = 2*w - 8. Let y(f) = -1. Let c(b) = o(b) - 2*y(b). Suppose -3*t - 3*r - 7 = 2*t, -3*r = 12. What is the remainder when c(4) is divided by t?
0
Let l(u) = -3*u + 5. What is the remainder when 57 is divided by l(-5)?
17
Calculate the remainder when 100 is divided by (-342)/(-10) - 4/20.
32
Suppose 3*u - y - 64 = -3*y, 4*u + 3*y = 85. Let m = 34 - u. Calculate the remainder when 34 is divided by m.
10
Let m = 17 - 11. Let u = m + 0. Calculate the remainder when (17/(-2))/((-2)/4) is divided by u.
5
Suppose 16 = l - 5*j, 4*j + 3 + 5 = -4*l. What is the remainder when 2 is divided by l?
0
Suppose -5*k = -5*u + 45, -4*u = -5*u + 2*k + 8. Calculate the remainder when (17 + -1)/(5/u) is divided by 11.
10
Suppose 4*i = -2*n + 8, 11 = 8*i - 3*i + 2*n. Let s(f) = -f**2 - 7*f + 6. Let t be s(-6). Suppose i*m = m + t. What is the remainder when 10 is divided by m?
4
Suppose p + m - 19 = 3*m, -3*m = 5*p - 56. What is the remainder when 50 is divided by p?
11
Let v(t) = 6*t - 5. Calculate the remainder when v(4) is divided by ((-429)/52)/((-6)/8) - 4.
5
Suppose -x = 1 - 4. Suppose b - 28 = -x*b. Calculate the remainder when b is divided by 4.
3
Let c(v) be the third derivative of v**5/12 - v**4/12 + v**3/6 - 2*v**2. Calculate the remainder when c(-2) is divided by 13.
12
Let j(t) = -t**2 - 11*t - 5. Let x be j(-7). Suppose 5*c - x = -8. Calculate the remainder when (3/(-3))/((-2)/10) is divided by c.
2
Suppose 0 = -2*d + i + 17, 13 = 2*d - 2*i - 9. Calculate the remainder when 9 is divided by d.
3
Let k be 3*((-213)/(-9) + -1). Suppose 2*b + 5*q = k - 3, 0 = -2*b - 2*q + 50. Calculate the remainder when b is divided by 11.
9
Suppose 4*q - 28 - 30 = -3*g, -4*g = -3*q + 31. Calculate the remainder when 17 is divided by q.
4
Suppose 24*p - 23*p = 51. Calculate the remainder when p is divided by 14.
9
Let o(s) = 4 + 4 - s + 7. Calculate the remainder when o(0) is divided by 6.
3
Suppose 1 - 27 = -2*o. Calculate the remainder when 48 is divided by o.
9
Let b = -154 + 156. Calculate the remainder when 7 is divided by b.
1
Let n(a) = -13 - 15 + 7*a + 33 - a**2. Calculate the remainder when 17 is divided by n(7).
2
Calculate the remainder when 1 is divided by 4/2 + (-3)/3.
0
Suppose 2*k = -0*k + 26. Suppose 5*z - d = 124, -z + 5 = -4*d - 16. Calculate the remainder when z is divided by k.
12
Let u be 0 + -2 + 1 + 4. Suppose -u*y = 4*n - 12, -y = y. What is the remainder when ((-12)/8)/((-6)/32) is divided by n?
2
Let n = 32 - -2. Let c(u) = -u**3 + 5*u + 0*u - u**2 + 4*u**2 - u. What is the remainder when n is divided by c(3)?
10
Let d(a) = 4*a + 2. Let n(x) = -x**3 - 2*x**2 + 3*x - 1. Let t be n(-3). Let r = 3 + t. What is the remainder when r is divided by d(0)?
0
Let i(w) = w - 3. Let b be i(3). Suppose -3*d + d + 60 = b. Suppose 0 = -n - n + d. What is the remainder when 44 is divided by n?
14
Let j be (8 - 1) + (-7)/7. Let b(a) = a**3 - 6*a**2 + 7*a + 3. Let z be b(j). Suppose 4*x + x - z = 0. Calculate the remainder when 35 is divided by x.
8
Let z = -2 - 16. Let o = z - -41. Calculate the remainder when o is divided by 4/(-14) - (-58)/7.
7
Let u(o) = o**2 + 3*o - 6. Let i = -8 - -3. Let b be u(i). Suppose -33 = 3*r - 6*r + b*v, 4*v = 0. Calculate the remainder when 32 is divided by r.
10
Suppose 7*l - 51 = 68. Suppose n + 4*n + c - 28 = 0, 4*n - 8 = 4*c. Calculate the remainder when l is divided by n.
2
Let v be -15*(2 + (-21)/9). Let h(a) = a**3 - 5*a**2 - a + 7. Let j be h(v). Suppose -j*f + 7*f = 30. Calculate the remainder when 11 is divided by f.
5
Suppose -15*m = -7*m - 56. What is the remainder when 131 is divided by m?
5
Suppose 5*c - 6*c + 24 = 0. Calculate the remainder when 95 is divided by c.
23
Suppose -114 = 3*a - 5*n, a - 4*n - 87 = 4*a. Let i = -19 - a. Suppose -o + i = 3. What is the remainder when 31 is divided by o?
9
Suppose -7*v = -2*v + 235. Let d = 94 + v. What is the remainder when d is divided by 16?
15
Let v(a) = a**3 + a**2 - a + 63. Let g be v(0). What is the remainder when (-18)/g + (-298)/(-14) is divided by 6?
3
Let d be (1 + (-7)/5)*-50. Suppose d = 4*m + m. Calculate the remainder when m is divided by 2.
0
Suppose -4*v = 5*r - 77, -5*v = -21 + 6. Let j = -11 + r. What is the remainder when 3 is divided by j?
1
Let j(d) = 12*d - 35. What is the remainder when 2 is divided by j(3)?
0
Suppose -f = -9 - 44. Suppose k - 3*u - 8 = -u, 4*k - u = f. What is the remainder when 27 is divided by k?
13
Suppose 4*w + 105 = 5*t - w, 2*t - 30 = -w. What is the remainder when (-4)/8 + 99/2 is divided by t?
15
Suppose -64 = -2*w - 3*p, 0*w + 4*w = -3*p + 116. Calculate the remainder when 100 is divided by w.
22
Let l(c) = 2*c**3 - 4*c**2 + 2*c + 